{"id":24,"date":"2022-12-02T17:50:37","date_gmt":"2022-12-02T17:50:37","guid":{"rendered":"https:\/\/www.pskv.cz\/?page_id=24"},"modified":"2022-12-03T09:56:32","modified_gmt":"2022-12-03T09:56:32","slug":"fakturacni-udaje-billing","status":"publish","type":"page","link":"https:\/\/www.pskv.cz\/?page_id=24","title":{"rendered":"Faktura\u010dn\u00ed \u00fadaje \/ billing"},"content":{"rendered":"\n<div class=\"wp-block-group\"><div class=\"wp-block-group__inner-container is-layout-constrained wp-block-group-is-layout-constrained\">\n<p class=\"has-normal-font-size\">PSKV, z.s. <\/p>\n\n\n\n<p class=\"has-normal-font-size\">Weberova 210\/15, Praha 5, PS\u010c 150 00, CZE<\/p>\n\n\n\n<p class=\"has-normal-font-size\">I\u010c: 22894462<\/p>\n<\/div><\/div>\n\n\n\n<p><\/p>\n\n\n\n<p class=\"has-small-font-size\"><strong>P\u0159\u00edroda Sport Kultura Vzd\u011bl\u00e1n\u00ed, z.s.<\/strong><\/p>\n\n\n\n<p class=\"has-small-font-size\">adresa \u01c1 s\u00eddlo \u01c1 Weberova 210\/15 \u01c1 Praha 5 \u01c1 PS\u010c 150 00 \u01c1 sklad \u01c1 Strakonick\u00e1 510 \u01c1 Praha 5 \u01c1 PS\u010c 150 00<\/p>\n\n\n\n<p class=\"has-small-font-size\">Fa \u00fadaje \u01c1 I\u010cO: 22894462 \u01c1 &nbsp;Spisov\u00e1 zna\u010dka:L 22758 veden\u00e1 u M\u011bstsk\u00e9ho soudu v Praze \u01c1Den z\u00e1pisu:&nbsp; 1.ledna 2014<\/p>\n\n\n\n<p class=\"has-small-font-size\">Kontakt \u01c1 GSM: +420&nbsp;602&nbsp;309&nbsp;064 \u01c1 e-mail: pskv@email.cz<\/p>\n\n\n\n<p class=\"has-small-font-size\">B\u00da:2354562309\/0800 \u01c1 IBAN CZ22 0800 0000 0023 5456 2309 &nbsp;\u01c1 BIC GIBACZPX<\/p>\n\n\n\n<p class=\"has-small-font-size\">www.pskv.cz<\/p>\n","protected":false},"excerpt":{"rendered":"<p>PSKV, z.s. Weberova 210\/15, Praha 5, PS\u010c 150 00, CZE I\u010c: 22894462 P\u0159\u00edroda Sport Kultura Vzd\u011bl\u00e1n\u00ed, z.s. adresa \u01c1 s\u00eddlo \u01c1 Weberova 210\/15 \u01c1 Praha 5 \u01c1 PS\u010c 150 00 \u01c1 sklad \u01c1 Strakonick\u00e1 510 \u01c1 Praha 5 \u01c1 PS\u010c 150 00 Fa \u00fadaje \u01c1 I\u010cO: 22894462 \u01c1 &nbsp;Spisov\u00e1 zna\u010dka:L 22758 veden\u00e1 u M\u011bstsk\u00e9ho soudu [&hellip;]<\/p>\n","protected":false},"author":1,"featured_media":0,"parent":0,"menu_order":0,"comment_status":"closed","ping_status":"closed","template":"","meta":{"footnotes":""},"class_list":["post-24","page","type-page","status-publish","hentry"],"_links":{"self":[{"href":"https:\/\/www.pskv.cz\/index.php?rest_route=\/wp\/v2\/pages\/24","targetHints":{"allow":["GET"]}}],"collection":[{"href":"https:\/\/www.pskv.cz\/index.php?rest_route=\/wp\/v2\/pages"}],"about":[{"href":"https:\/\/www.pskv.cz\/index.php?rest_route=\/wp\/v2\/types\/page"}],"author":[{"embeddable":true,"href":"https:\/\/www.pskv.cz\/index.php?rest_route=\/wp\/v2\/users\/1"}],"replies":[{"embeddable":true,"href":"https:\/\/www.pskv.cz\/index.php?rest_route=%2Fwp%2Fv2%2Fcomments&post=24"}],"version-history":[{"count":3,"href":"https:\/\/www.pskv.cz\/index.php?rest_route=\/wp\/v2\/pages\/24\/revisions"}],"predecessor-version":[{"id":144,"href":"https:\/\/www.pskv.cz\/index.php?rest_route=\/wp\/v2\/pages\/24\/revisions\/144"}],"wp:attachment":[{"href":"https:\/\/www.pskv.cz\/index.php?rest_route=%2Fwp%2Fv2%2Fmedia&parent=24"}],"curies":[{"name":"wp","href":"https:\/\/api.w.org\/{rel}","templated":true}]}}